{"id":47,"date":"2021-02-01T17:51:44","date_gmt":"2021-02-01T17:51:44","guid":{"rendered":"http:\/\/www.ipalecek.cz\/?page_id=47"},"modified":"2021-02-04T07:58:11","modified_gmt":"2021-02-04T07:58:11","slug":"lekari-specialiste","status":"publish","type":"page","link":"https:\/\/www.ipalecek.cz\/index.php\/lekari-specialiste\/","title":{"rendered":"L\u00e9ka\u0159i &#8211; specialist\u00e9"},"content":{"rendered":"<div>\n<p>Zde je seznam l\u00e9ka\u0159\u016f, kte\u0159\u00ed se v\u011bnuj\u00ed kostn\u00ed dyspl\u00e1zii a l\u00e9\u010den\u00ed pacient\u016f s touto diagnozou<\/p>\n<p><a title=\"prof. MUDr. Tom\u00e1\u0161 Tr\u010d, CSc., MBA \" href=\"http:\/\/www.fnmotol.cz\/kliniky-a-oddeleni\/spolecna-pracoviste\/ortopedicka-klinika-uk-2lf-a-fn-motol-detska-a-dos\/vedeni-a-personal\/\" target=\"_blank\" rel=\"noopener\">Prof. MUDr. Tom\u00e1\u0161 Tr\u010d, CSc., MBA \u2013 Ortopedick\u00e1 klinika UK 2.LF a FN Motol \u2013 D\u011btsk\u00e1 a dosp\u011bl\u00e1 ortopedie a traumatologie<\/a><\/p>\n<p><a title=\"ing.\u010cern\u00fd - Ortotika s.r.o.\" href=\"http:\/\/www.ortotika.cz\/\" target=\"_blank\" rel=\"noopener\">ing.Pavel \u010cern\u00fd \u2013 Ortotika s.r.o. \u2013 V\u00fdroba individu\u00e1ln\u00edch ortopedick\u00fdch pom\u016fcek<\/a><\/p>\n<p><a title=\"prof. MUDr. Ivo Ma\u0159\u00edk, CSc.\" href=\"http:\/\/www.ambul-centrum.cz\/cze\/\" target=\"_blank\" rel=\"noopener\">Prof. MUDr. Ivo Ma\u0159\u00edk, CSc. &nbsp;\u2013 Ambulantn\u00ed centrum pro vady pohybov\u00e9ho apar\u00e1tu<\/a><\/p>\n<p><a title=\"MUDr.Rychl\u00edk\" href=\"http:\/\/www.rychlikpetr.cz\/\" target=\"_blank\" rel=\"noopener\">MUDr.Rychl\u00edk &nbsp; \u2013 neurologie<\/a><\/p>\n<\/div>\n","protected":false},"excerpt":{"rendered":"<p>Zde je seznam l\u00e9ka\u0159\u016f, kte\u0159\u00ed se v\u011bnuj\u00ed kostn\u00ed dyspl\u00e1zii a l\u00e9\u010den\u00ed pacient\u016f s touto diagnozou Prof. MUDr. Tom\u00e1\u0161 Tr\u010d, CSc., MBA \u2013 Ortopedick\u00e1 klinika UK 2.LF a FN Motol \u2013 D\u011btsk\u00e1 a dosp\u011bl\u00e1 ortopedie a traumatologie ing.Pavel \u010cern\u00fd \u2013 Ortotika &hellip; <a href=\"https:\/\/www.ipalecek.cz\/index.php\/lekari-specialiste\/\">Cel\u00fd p\u0159\u00edsp\u011bvek <span class=\"meta-nav\">&rarr;<\/span><\/a><\/p>\n","protected":false},"author":1,"featured_media":0,"parent":0,"menu_order":55,"comment_status":"closed","ping_status":"closed","template":"","meta":{"ngg_post_thumbnail":0},"_links":{"self":[{"href":"https:\/\/www.ipalecek.cz\/index.php\/wp-json\/wp\/v2\/pages\/47"}],"collection":[{"href":"https:\/\/www.ipalecek.cz\/index.php\/wp-json\/wp\/v2\/pages"}],"about":[{"href":"https:\/\/www.ipalecek.cz\/index.php\/wp-json\/wp\/v2\/types\/page"}],"author":[{"embeddable":true,"href":"https:\/\/www.ipalecek.cz\/index.php\/wp-json\/wp\/v2\/users\/1"}],"replies":[{"embeddable":true,"href":"https:\/\/www.ipalecek.cz\/index.php\/wp-json\/wp\/v2\/comments?post=47"}],"version-history":[{"count":8,"href":"https:\/\/www.ipalecek.cz\/index.php\/wp-json\/wp\/v2\/pages\/47\/revisions"}],"predecessor-version":[{"id":66,"href":"https:\/\/www.ipalecek.cz\/index.php\/wp-json\/wp\/v2\/pages\/47\/revisions\/66"}],"wp:attachment":[{"href":"https:\/\/www.ipalecek.cz\/index.php\/wp-json\/wp\/v2\/media?parent=47"}],"curies":[{"name":"wp","href":"https:\/\/api.w.org\/{rel}","templated":true}]}}

Lékaři &#8211; specialisté

<div>
<p>Zde je seznam lékařů, kteří se věnují kostní dysplázii a léčení pacientů s touto diagnozou</p>
<p><a title="prof. MUDr. Tomáš Trč, CSc., MBA " href="http://www.fnmotol.cz/kliniky-a-oddeleni/spolecna-pracoviste/ortopedicka-klinika-uk-2lf-a-fn-motol-detska-a-dos/vedeni-a-personal/" target="_blank" rel="noopener">Prof. MUDr. Tomáš Trč, CSc., MBA – Ortopedická klinika UK 2.LF a FN Motol – Dětská a dospělá ortopedie a traumatologie</a></p>
<p><a title="ing.Černý - Ortotika s.r.o." href="http://www.ortotika.cz/" target="_blank" rel="noopener">ing.Pavel Černý – Ortotika s.r.o. – Výroba individuálních ortopedických pomůcek</a></p>
<p><a title="prof. MUDr. Ivo Mařík, CSc." href="http://www.ambul-centrum.cz/cze/" target="_blank" rel="noopener">Prof. MUDr. Ivo Mařík, CSc. &nbsp;– Ambulantní centrum pro vady pohybového aparátu</a></p>
<p><a title="MUDr.Rychlík" href="http://www.rychlikpetr.cz/" target="_blank" rel="noopener">MUDr.Rychlík &nbsp; – neurologie</a></p>
</div>

<p>Zde je seznam lékařů, kteří se věnují kostní dysplázii a léčení pacientů s touto diagnozou Prof. MUDr. Tomáš Trč, CSc., MBA – Ortopedická klinika UK 2.LF a FN Motol – Dětská a dospělá ortopedie a traumatologie ing.Pavel Černý – Ortotika &hellip; <a href="https://www.ipalecek.cz/index.php/lekari-specialiste/">Celý příspěvek <span class="meta-nav">&rarr;</span></a></p>
