{"id":45,"date":"2021-02-01T17:47:02","date_gmt":"2021-02-01T17:47:02","guid":{"rendered":"http:\/\/www.ipalecek.cz\/?page_id=45"},"modified":"2021-02-04T10:04:09","modified_gmt":"2021-02-04T10:04:09","slug":"palecci-v-mediich","status":"publish","type":"page","link":"https:\/\/www.ipalecek.cz\/index.php\/palecci-v-mediich\/","title":{"rendered":"Pale\u010dci v m\u00e9di\u00edch"},"content":{"rendered":"<div class=\"entry-content\">\n<p><strong>Pale\u010dci v m\u00e9di\u00edch<\/strong><\/p>\n<p><a title=\"Tom\u00e1\u0161 Cikrt\" href=\"http:\/\/www.ceskatelevize.cz\/ivysilani\/1186000189-13-komnata\/208562210800037-13-komnata-tomase-cikrta\/\" target=\"_blank\" rel=\"noopener\">Tom\u00e1\u0161 Cikrt a 13.komnata<\/a><\/p>\n<p><a title=\"Virtov\u00e1 u Krause\" href=\"http:\/\/www.ceskatelevize.cz\/porady\/1176221164-uvolnete-se-prosim\/210522161800018\/?vso=video&amp;rok=2010#dil210%20522%2016180\/0018\" target=\"_blank\" rel=\"noopener\">Irenea Virtov\u00e1 u Krause<\/a><\/p>\n<p><a title=\"Virtov\u00e1 s Pustinou\" href=\"http:\/\/revue.idnes.cz\/223-vs-102-obrazem-nejvyssi-cech-se-setkal-s-nejmensi-ceskou-pkk-\/zajimavosti.aspx?c=A100422_1373298_zajimavosti_ved\" target=\"_blank\" rel=\"noopener\">Nejvy\u0161\u0161\u00ed \u010cech se setkal s nejmen\u0161\u00ed \u010ce\u0161kou<\/a><\/p>\n<p><a title=\"Polo\u0161ero\" href=\"http:\/\/www.ceskatelevize.cz\/ivysilani\/10318730018-polosero\/210562222000004-polosero-mali-lide\/titulky\/\" target=\"_blank\" rel=\"noopener\">Polo\u0161ero \u2013 Mal\u00ed lid\u00e9<\/a><\/p>\n<p><a title=\"Aha Virtov\u00e1\" href=\"http:\/\/www.ahaonline.cz\/clanek\/musite-vedet\/9633\/jsem-malinka-no-a.html\" target=\"_blank\" rel=\"noopener\">Jsem malink\u00e1 no a\u2026?<\/a><\/p>\n<p><a title=\"Virtov\u00e1 na Nov\u011b\" href=\"http:\/\/tn.nova.cz\/zpravy\/domaci\/video-jak-se-zije-nejmensi-cesce.html\" target=\"_blank\" rel=\"noopener\">Jak se \u017eije nejmen\u0161\u00ed \u010ce\u0161ce<\/a><\/p>\n<p>&nbsp;<\/p>\n<\/div>\n","protected":false},"excerpt":{"rendered":"<p>Pale\u010dci v m\u00e9di\u00edch Tom\u00e1\u0161 Cikrt a 13.komnata Irenea Virtov\u00e1 u Krause Nejvy\u0161\u0161\u00ed \u010cech se setkal s nejmen\u0161\u00ed \u010ce\u0161kou Polo\u0161ero \u2013 Mal\u00ed lid\u00e9 Jsem malink\u00e1 no a\u2026? Jak se \u017eije nejmen\u0161\u00ed \u010ce\u0161ce &nbsp;<\/p>\n","protected":false},"author":1,"featured_media":0,"parent":0,"menu_order":50,"comment_status":"closed","ping_status":"closed","template":"","meta":{"ngg_post_thumbnail":0},"_links":{"self":[{"href":"https:\/\/www.ipalecek.cz\/index.php\/wp-json\/wp\/v2\/pages\/45"}],"collection":[{"href":"https:\/\/www.ipalecek.cz\/index.php\/wp-json\/wp\/v2\/pages"}],"about":[{"href":"https:\/\/www.ipalecek.cz\/index.php\/wp-json\/wp\/v2\/types\/page"}],"author":[{"embeddable":true,"href":"https:\/\/www.ipalecek.cz\/index.php\/wp-json\/wp\/v2\/users\/1"}],"replies":[{"embeddable":true,"href":"https:\/\/www.ipalecek.cz\/index.php\/wp-json\/wp\/v2\/comments?post=45"}],"version-history":[{"count":3,"href":"https:\/\/www.ipalecek.cz\/index.php\/wp-json\/wp\/v2\/pages\/45\/revisions"}],"predecessor-version":[{"id":102,"href":"https:\/\/www.ipalecek.cz\/index.php\/wp-json\/wp\/v2\/pages\/45\/revisions\/102"}],"wp:attachment":[{"href":"https:\/\/www.ipalecek.cz\/index.php\/wp-json\/wp\/v2\/media?parent=45"}],"curies":[{"name":"wp","href":"https:\/\/api.w.org\/{rel}","templated":true}]}}

Palečci v médiích

<div class="entry-content">
<p><strong>Palečci v médiích</strong></p>
<p><a title="Tomáš Cikrt" href="http://www.ceskatelevize.cz/ivysilani/1186000189-13-komnata/208562210800037-13-komnata-tomase-cikrta/" target="_blank" rel="noopener">Tomáš Cikrt a 13.komnata</a></p>
<p><a title="Virtová u Krause" href="http://www.ceskatelevize.cz/porady/1176221164-uvolnete-se-prosim/210522161800018/?vso=video&amp;rok=2010#dil210%20522%2016180/0018" target="_blank" rel="noopener">Irenea Virtová u Krause</a></p>
<p><a title="Virtová s Pustinou" href="http://revue.idnes.cz/223-vs-102-obrazem-nejvyssi-cech-se-setkal-s-nejmensi-ceskou-pkk-/zajimavosti.aspx?c=A100422_1373298_zajimavosti_ved" target="_blank" rel="noopener">Nejvyšší Čech se setkal s nejmenší Češkou</a></p>
<p><a title="Pološero" href="http://www.ceskatelevize.cz/ivysilani/10318730018-polosero/210562222000004-polosero-mali-lide/titulky/" target="_blank" rel="noopener">Pološero – Malí lidé</a></p>
<p><a title="Aha Virtová" href="http://www.ahaonline.cz/clanek/musite-vedet/9633/jsem-malinka-no-a.html" target="_blank" rel="noopener">Jsem malinká no a…?</a></p>
<p><a title="Virtová na Nově" href="http://tn.nova.cz/zpravy/domaci/video-jak-se-zije-nejmensi-cesce.html" target="_blank" rel="noopener">Jak se žije nejmenší Češce</a></p>
<p>&nbsp;</p>
</div>

<p>Palečci v médiích Tomáš Cikrt a 13.komnata Irenea Virtová u Krause Nejvyšší Čech se setkal s nejmenší Češkou Pološero – Malí lidé Jsem malinká no a…? Jak se žije nejmenší Češce &nbsp;</p>
